base 4, what is 20211 + 3?
20220
In base 2, what is -1110011010 - -1?
-1110011001
In base 7, what is 5452 + 0?
5452
In base 14, what is 9d - -27?
c6
In base 4, what is -2230 + 11?
-2213
In base 3, what is -1001100212 + -2?
-1001100221
In base 6, what is -4434 - -13?
-4421
In base 15, what is 52a - -3?
52d
In base 8, what is -166 + 53?
-113
In base 6, what is 405 + -3?
402
In base 3, what is -11 - 11111?
-11122
In base 8, what is -33 - 32?
-65
In base 4, what is 1000 - -20?
1020
In base 3, what is -2 + -210002?
-210011
In base 3, what is -12 - 222?
-1011
In base 4, what is -2 + -101312?
-101320
In base 2, what is -111100001 + 11101?
-111000100
In base 6, what is 101255 - -5?
101304
In base 11, what is -45 + -236?
-280
In base 12, what is 1 - 2?
-1
In base 11, what is 8 + -3736?
-3729
In base 8, what is 7144 - -1?
7145
In base 8, what is 6 - 34?
-26
In base 9, what is 454 - 2?
452
In base 10, what is 55718 - -4?
55722
In base 10, what is -14 - 30?
-44
In base 2, what is 11101 + -1100?
10001
In base 4, what is 10 + -21022?
-21012
In base 4, what is 12 + -32?
-20
In base 2, what is -1 + -1001111111?
-1010000000
In base 2, what is 11 + 101000100011?
101000100110
In base 16, what is 1 + 6a?
6b
In base 5, what is -21 + 134?
113
In base 12, what is a - 7?
3
In base 14, what is 1d + -18?
5
In base 9, what is 72 - 5?
66
In base 6, what is -31 - 21?
-52
In base 7, what is 14135 + -1?
14134
In base 11, what is 3 - 20?
-18
In base 7, what is -3251 + 3?
-3245
In base 9, what is -484 - 2?
-486
In base 6, what is -55 + -3?
-102
In base 7, what is 3 - -12?
15
In base 4, what is -2001223 + -10?
-2001233
In base 13, what is -19 + 23?
7
In base 15, what is -2 - -33?
31
In base 11, what is -622 + -18?
-63a
In base 2, what is -10011111001 + -101?
-10011111110
In base 3, what is 102 + -212200?
-212021
In base 13, what is -1c + 19?
-3
In base 12, what is 13 + -7?
8
In base 4, what is -10303 + -11?
-10320
In base 7, what is 4 - 1563?
-1556
In base 7, what is -4 - -1534?
1530
In base 13, what is 0 - 204?
-204
In base 11, what is -3 + 295?
292
In base 9, what is -8 + -1644?
-1653
In base 3, what is -111110 + -12?
-111122
In base 3, what is -200 + -102?
-1002
In base 12, what is 47 + 2?
49
In base 8, what is 2 - -4631?
4633
In base 15, what is 2 - -41?
43
In base 3, what is -11 - -102210?
102122
In base 5, what is -222 - -10?
-212
In base 10, what is 632 + -27?
605
In base 4, what is 3 - -1310100?
1310103
In base 7, what is 56 - 6?
50
In base 7, what is 4 + -6026?
-6022
In base 11, what is -1 + -7a?
-80
In base 4, what is -3 - -330?
321
In base 4, what is -3 + -31001?
-31010
In base 8, what is 1 + -175?
-174
In base 15, what is -4 - -273?
26e
In base 5, what is -1214 + -240?
-2004
In base 15, what is 3 - -8c4?
8c7
In base 11, what is 1 - -2a?
30
In base 3, what is 10010211 - 0?
10010211
In base 4, what is 102300 - -2?
102302
In base 13, what is -2 + 7a?
78
In base 4, what is 1 + -1130?
-1123
In base 14, what is -14 + -22?
-36
In base 9, what is 0 - -88?
88
In base 11, what is -1 + 5?
4
In base 3, what is -1010 - 100?
-1110
In base 3, what is -2 - 2000?
-2002
In base 14, what is 1337 + -3?
1334
In base 3, what is -2201010 + -10?
-2201020
In base 7, what is -4 - -6?
2
In base 15, what is 332 - 2?
330
In base 11, what is -32 - -1?
-31
In base 9, what is 5 - 2028?
-2023
In base 14, what is 4 - 75?
-71
In base 6, what is -14 + -34?
-52
In base 5, what is 0 - 24?
-24
In base 8, what is 26 + 4?
32
In base 16, what is 15 + -9?
c
In base 15, what is -ae - -1?
-ad
In base 4, what is -1301300 + 1?
-1301233
In base 12, what is -380 + 2?
-37a
In base 12, what is -1 + 650?
64b
In base 16, what is -1c + 6?
-16
In base 11, what is 97 + 0?
97
In base 16, what is 2 + -5?
-3
In base 9, what is 2 + -6476?
-6474
In base 2, what is 1001000 - 1010?
111110
In base 2, what is 10001110 - -11?
10010001
In base 7, what is -5 - 21135?
-21143
In base 3, what is 11 - -11202?
11220
In base 10, what is 2 + 76?
78
In base 15, what is 3c + 0?
3c
In base 7, what is -20242 + -2?
-20244
In base 11, what is 695 - 3?
692
In base 2, what is -1000 - 1001110?
-1010110
In base 9, what is 21 - 1314?
-1283
In base 3, what is 1 + -1010100?
-1010022
In base 2, what is 100110110 - -1?
100110111
In base 3, what is -210 + 2?
-201
In base 4, what is 3121 + -13?
3102
In base 7, what is 1 - 34?
-33
In base 15, what is 1 + -6d?
-6c
In base 16, what is 3 - -16?
19
In base 11, what is -678 + 18?
-660
In base 11, what is 23 + -36?
-13
In base 8, what is 5 + -154?
-147
In base 10, what is 5 - 2397?
-2392
In base 5, what is -4 - 121433?
-121442
In base 6, what is 1 + -512?
-511
In base 5, what is -3111 + 1?
-3110
In base 15, what is -21 + 7?
-19
In base 14, what is -1 + -16?
-17
In base 8, what is -1014 - -2?
-1012
In base 6, what is 135 - 0?
135
In base 9, what is -882 - 2?
-884
In base 13, what is -20b + 1?
-20a
In base 14, what is 14 + -4?
10
In base 8, what is -15 + 23?
6
In base 6, what is 43 + 4?
51
In base 14, what is -3b + 6?
-35
In base 5, what is 2104 - -1?
2110
In base 15, what is -4 + 583?
57e
In base 13, what is 2037 + 3?
203a
In base 7, what is -4303 + 0?
-4303
In base 14, what is 9a3 - -2?
9a5
In base 7, what is -23 - 2?
-25
In base 3, what is -10 + -1020?
-1100
In base 10, what is -1 - -25?
24
In base 11, what is -6 - 4?
-a
In base 5, what is -10 - -134301?
134241
In base 5, what is 34 - 223?
-134
In base 14, what is -18 + 24?
a
In base 10, what is 2 - -384?
386
In base 15, what is 49e + 5?
4a4
In base 5, what is -1 - -21133?
21132
In base 14, what is 5 - -c1c?
c23
In base 4, what is 2 - 12?
-10
In base 8, what is -3 - -121?
116
In base 5, what is 2 + 120?
122
In base 11, what is 21 - -827?
848
In base 3, what is -222 - 102?
-1101
In base 9, what is -173 + 23?
-150
In base 8, what is 53 - -64?
137
In base 12, what is -25 + 13?
-12
In base 4, what is 10 - -203022?
203032
In base 7, what is -3236 - 0?
-3236
In base 9, what is 3 - 34?
-31
In base 14, what is 5 - -5b?
62
In base 12, what is 1a1 - 2?
19b
In base 8, what is 2751 - -4?
2755
In base 15, what is 67 + -5?
62
In base 9, what is 5 - 1613?
-1607
In base 9, what is 1 - 1437?
-1436
In base 9, what is 13 + 6?
20
In base 9, what is -103 + 348?
245
In base 13, what is -9 + 455?
449
In base 6, what is -110233 - -5?
-110224
In base 11, what is 8 - 7?
1
In base 2, what is -111101011101 + 0?
-111101011101
In base 8, what is 5451 + -1?
5450
In base 10, what is -601 - -6?
-595
In base 4, what is -10 + 2220?
2210
In base 8, what is -10 + 7?
-1
In base 7, what is 3 - -61?
64
In base 9, what is -2 - 124?
-126
In base 4, what is 110230 - -10?
110300
In base 8, what is -230 + -3?
-233
In base 8, what is 4 + 1555?
1561
In base 4, what is 1022322 - 0?
1022322
In base 4, what is -2030311 + 0?
-2030311
In base 13, what is 25 - 76?
-51
In base 10, what is 5 + 23?
28
In base 3, what is -11021210 - -10?
-11021200
In base 11, what is 123 + 2a?
152
In base 12, what is -b26 - -4?
-b22
In base 15, what is -583 + 2?
-581
In base 16, what is -29 - 0?
-29
In base 11, what is 5 - 329?
-324
In base 2, what is -1010111 - 1110101?
-11001100
In base 16, what is -580 - -5?
-57b
In base 2, what is -1000000101 - -10?
-1000000011
In base 8, what is -4 - 7540?
-7544
In base 6, what is -1411 - -2?
-1405
In base 12, what is 21a + -3?
217
In base 12, what is a4 - -10?
b4
In base 16, what is 2 + f8e?
f90
In base 8, what is 2 + -215?
-213
In base 15, what is 1 + 800?
801
In base 4, what is 32110 + -23?
32021
In base 4, what is -202 - 1121?
-1323
In base 5, what is -30230 + 1?
-30224
In base 3, what is -12 - 11012?
-11101
In base 8, what is 2 - 3241?
-3237
In base 13, what is -197 + -4?
-19b
In base 15, what is b - -14?
20
In base 13, what is -7 + 467?
460
In base 11, what is -6 - 1287?
-1292
In base 7, what is 5 + 454?
462
In base 3, what is -12000020 - 12?
-12000102
In base 11, what is 1 + -39?
-38
In base 9, what is -4 + -10712?
-10716
In base 10, what is 22 + 10?
32
In base 15, what is b + -26?
-1a
In base 6, what is -5 - -542?
533
In base 12, what is 5 + 26?
2b
In base 9, what is -16 + 550?
533
In base 12, what is -5 - -184?
17b
In base 9, what is 5658 + -1?
5657
In base 5, what is -4 - 22414?
-22423
In base 5, what is 3 - 112?
-104
In base 3, what is -21 + 20012?
12221
In base 4, what is -11 - 